of 548?
True
Is 72 a factor of 708630?
False
Does 13 divide 12402?
True
Does 6 divide 42119?
False
Is 28 a factor of 880959?
False
Is 12 a factor of 185640?
True
Is 671546 a multiple of 28?
False
Is 504991 a multiple of 3?
False
Is 74139 a multiple of 5?
False
Is 33 a factor of 1276114?
False
Is 5318193 a multiple of 106?
False
Is 11 a factor of 12861?
False
Does 122 divide 122610?
True
Does 49 divide 325951?
False
Is 6194688 a multiple of 436?
True
Is 1901241 a multiple of 861?
False
Does 546 divide 2858699?
False
Is 40 a factor of 338040?
True
Does 9 divide 130653?
True
Is 86 a factor of 294596?
False
Is 73 a factor of 1277865?
True
Does 170 divide 121040?
True
Is 7 a factor of 486297?
True
Is 11 a factor of 322882?
False
Does 435 divide 233160?
True
Is 129103 a multiple of 3?
False
Does 94 divide 229242?
False
Is 12299057 a multiple of 8?
False
Is 11 a factor of 1027719?
True
Is 13 a factor of 345826?
True
Is 56 a factor of 354953?
False
Is 1024991 a multiple of 197?
True
Is 773569 a multiple of 117?
False
Is 149744 a multiple of 14?
True
Is 341228 a multiple of 23?
True
Is 615468 a multiple of 714?
True
Is 200 a factor of 1556201?
False
Is 12 a factor of 627175?
False
Is 6 a factor of 19078196?
False
Does 8 divide 48444?
False
Is 765 a factor of 74902?
False
Is 111 a factor of 110013?
False
Does 15 divide 73470?
True
Is 629 a factor of 791282?
True
Is 245979 even?
False
Is 72 a factor of 644608?
False
Does 709 divide 14824481?
True
Is 376388 a multiple of 99?
False
Does 1078 divide 3584350?
True
Does 12 divide 643776?
True
Is 4 a factor of 133132?
True
Is 7 a factor of 7052866?
False
Is 369170 a multiple of 10?
True
Is 17 a factor of 14492229?
False
Does 58 divide 6663997?
False
Is 320684 a multiple of 52?
True
Is 9 a factor of 119124?
True
Does 210 divide 240523?
False
Is 50 a factor of 494850?
True
Is 18 a factor of 777638?
False
Does 381 divide 1170051?
True
Does 22 divide 152355?
False
Is 7 a factor of 320193?
False
Does 19 divide 5988?
False
Is 10 a factor of 131290?
True
Is 637438 a multiple of 70?
False
Is 92 a factor of 12604?
True
Does 13 divide 364442?
True
Does 179 divide 225096?
False
Does 129 divide 10534269?
True
Does 27 divide 706101?
False
Is 24 a factor of 1657120?
False
Is 181974 a multiple of 138?
False
Does 73 divide 420407?
True
Is 91 a factor of 2247518?
True
Does 752 divide 376000?
True
Does 5 divide 19120?
True
Is 3 a factor of 134611?
False
Does 14 divide 1397397?
False
Does 50 divide 2275113?
False
Is 33 a factor of 1143747?
True
Is 60 a factor of 627060?
True
Is 278028 a multiple of 2?
True
Is 43772 a multiple of 31?
True
Is 65184 a multiple of 168?
True
Does 17 divide 563564?
False
Is 60 a factor of 1546140?
True
Is 206487 a multiple of 3?
True
Is 6012712 a multiple of 38?
False
Is 19 a factor of 13745303?
True
Is 175758 a multiple of 33?
True
Is 283 a factor of 50091?
True
Is 844 a factor of 31215340?
True
Is 128 a factor of 1614817?
False
Is 412 a factor of 151204?
True
Is 52 a factor of 1194089?
False
Is 170 a factor of 976023?
False
Is 10 a factor of 1792900?
True
Does 198 divide 174042?
True
Does 288 divide 20184768?
True
Is 2 a factor of 130265?
False
Is 329 a factor of 336567?
True
Does 117 divide 10885107?
False
Does 13 divide 39325?
True
Is 18 a factor of 116330?
False
Is 630 a factor of 274680?
True
Is 77 a factor of 6736459?
False
Is 28 a factor of 1226226?
False
Is 3156375 a multiple of 75?
True
Is 1113537 a multiple of 11?
False
Does 568 divide 281550?
False
Does 342 divide 970892?
False
Is 87388 a multiple of 71?
False
Is 12 a factor of 45791?
False
Does 21 divide 7046571?
True
Does 570 divide 328320?
True
Is 11085 a multiple of 57?
False
Is 55 a factor of 33055?
True
Is 625 a factor of 13271250?
True
Is 456155 a multiple of 512?
False
Does 277 divide 514666?
True
Does 24 divide 180139?
False
Does 5 divide 73872?
False
Does 13 divide 949637?
True
Is 3445154 a multiple of 50?
False
Is 19 a factor of 70566?
True
Does 7 divide 744513?
True
Does 563 divide 616339?
False
Does 7 divide 728479?
False
Does 5 divide 43550?
True
Is 4 a factor of 30281?
False
Is 131 a factor of 279161?
True
Is 1421421 a multiple of 353?
False
Is 64 a factor of 118354?
False
Is 1653 a factor of 2789695?
False
Does 22 divide 146049?
False
Is 167 a factor of 638864?
False
Is 200 a factor of 860516?
False
Is 193 a factor of 219634?
True
Does 17 divide 24990?
True
Is 15 a factor of 4084650?
True
Does 64 divide 4988288?
True
Does 23 divide 61908?
False
Does 237 divide 672971?
False
Does 137 divide 707194?
True
Is 1116 a factor of 1656144?
True
Does 244 divide 84424?
True
Does 40 divide 3532160?
True
Does 312 divide 211700?
False
Is 68365 a multiple of 2?
False
Does 4 divide 1220810?
False
Is 9270 a multiple of 18?
True
Is 34 a factor of 18767?
False
Does 11 divide 882607?
True
Does 4 divide 137811?
False
Is 14 a factor of 579005?
False
Is 2588159 a multiple of 31?
True
Is 1323838 a multiple of 576?
False
Is 174194 a multiple of 14?
False
Is 189306 a multiple of 13?
True
Is 79 a factor of 69125?
True
Is 96397 a multiple of 34?
False
Is 2663797 a multiple of 751?
True
Is 174344 a multiple of 2?
True
Is 659913 a multiple of 353?
False
Does 98 divide 378182?
True
Is 9 a factor of 206424?
True
Does 18 divide 815684?
False
Is 584930 a multiple of 290?
True
Is 430 a factor of 425270?
True
Is 27570 even?
True
Is 650762 a multiple of 47?
True
Is 11 a factor of 210788?
False
Does 6 divide 195929?
False
Does 20 divide 2442617?
False
Is 614068 a multiple of 482?
True
Is 5 a factor of 181085?
True
Is 336 a factor of 6457?
False
Is 5 a factor of 716070?
True
Does 47 divide 18060?
False
Is 27 a factor of 11049939?
True
Is 166 a factor of 364911?
False
Does 10 divide 24310?
True
Is 11 a factor of 1881284?
False
Is 11650433 a multiple of 8?
False
Is 17464 a multiple of 472?
True
Is 146064 a multiple of 48?
True
Does 3 divide 36037?
False
Is 458901 a multiple of 312?
False
Does 17 divide 2668087?
False
Is 1330914 a multiple of 226?
True
Is 1780183 a multiple of 108?
False
Does 3 divide 199284?
True
Is 167 a factor of 17416111?
False
Is 835678 a multiple of 290?
False
Is 243285 a multiple of 21?
True
Does 105 divide 55020?
True
Does 36 divide 9816065?
False
Is 114 a factor of 2422500?
True
Does 6 divide 120453?
False
Is 13 a factor of 8606364?
True
Is 142 a factor of 101956?
True
Is 17 a factor of 57273?
True
Does 47 divide 9812472?
True
Is 1609642 a multiple of 110?
False
Does 42 divide 2100465?
False
Is 165 a factor of 2928090?
True
Is 331328 a multiple of 32?
True
Does 30 divide 7621197?
False
Is 2217420 a multiple of 10?
True
Does 101 divide 1391376?
True
Does 45 divide 10326060?
True
Is 36 a factor of 2831907?
False
Is 321 a factor of 477327?
True
Does 5 divide 3609305?
True
Is 9 a factor of 144468?
True
Is 763196 a multiple of 5?
False
Does 17 divide 6088082?
False
Does 41 divide 408606?
True
Is 289452 a multiple of 8?
False
Does 5 divide 3242237?
False
Does 44 divide 577764?
True
Is 135 a factor of 281070?
True
Is 277 a factor of 2590227?
True
Does 213 divide 322482?
True
Is 251 a factor of 572750?
False
Does 50 divide 2154650?
True
Does 1243 divide 12015233?
False
Is 12728502 a multiple of 6?
True
Is 454 a factor of 3361416?
True
Is 55 a factor of 1379004?
False
Is 170367 a multiple of 1342?
False
Does 153 divide 288631?
False
Does 55 divide 3215010?
False
Does 16 divide 21126?
False
Is 1164848 a multiple of 9?
False
Is 20 a factor of 15429300?
True
Does 17 divide 84044?
False
Does 33 divide 62502?
True
Does 141 divide 1237275?
True
Is 21436 a multiple of 46?
True
Is 19 a factor of 518585?
False
Does 7 divide 13976?
False
Is 465270 a multiple of 26?
True
Does 2 divide 2133284?
True
Is 53844 a multiple of 12?
True
Is 11 a factor of 118129?
True
Is 160867 a multiple of 24?
False
Is 3017952 a multiple of 499?
True
Is 543558 a multiple of 73?
True
Is 24 a factor of 1134552?
True
Is 322293 a multiple of 297?
False
Is 20 a factor of 6120349?
False
Is 17 a factor of 376123?
False
Is 10 a factor of 636430?
True
Does 434 divide 141260?
False
Does 6 divide 219013?
False
Is 432423 a multiple of 138?
False
Is 86710 a multiple of 13?
True
Is 42128 a multiple of 4?
True
Is 17 a factor of 109650?
True
Does 43 divide 39431?
True
Is 19 a factor of 665717